ate the remainder when 3 is divided by o.
0
Suppose t - d + 8 = 2*t, -4*t + 4 = -3*d. What is the remainder when 6 is divided by t?
2
Let w = -8 + 10. Suppose j = -4*i + 15, w*j - 54 = -3*j + i. Calculate the remainder when 32 is divided by j.
10
Let o be (-4 - (-6)/4)*2. Let i(h) = 2*h**2 + 7*h + 3. What is the remainder when 51 is divided by i(o)?
15
Calculate the remainder when (-186 - 0)*3/(-9) is divided by 13.
10
Let u = 218 + -121. Suppose 0 = -d - c + 17, -5*d + 2*c + u - 26 = 0. Calculate the remainder when 59 is divided by d.
14
Suppose 4*p - 211 = -47. What is the remainder when p is divided by 14?
13
Let r = 2 + 4. Let o(a) be the first derivative of 5*a**2/2 + a - 3. Calculate the remainder when o(r) is divided by 8.
7
Let l(g) = -g**3 + 9*g**2 - 6*g - 2. Calculate the remainder when l(8) is divided by 4.
2
Let d(u) = 6 + 0*u + u - 2*u. Let l be d(0). Let j = 13 - l. What is the remainder when 13 is divided by j?
6
Let w be 10/45 - 2/9. Suppose m + 2 = w, -2*g = 2*m + 3*m + 4. Calculate the remainder when 9 is divided by g.
0
Let h = 16 + -1. Let s be (h/(-6))/(1/(-42)). Suppose -s = -7*y + 2*y. Calculate the remainder when y is divided by 12.
9
Suppose -4*t + 40 = 4*h, h + 5*t - 2 = 8. What is the remainder when ((-38)/8)/(1/(-4)) is divided by h?
9
Let y = -24 - -26. Let v(k) = -k**3 - k. Let g(n) = n**3 + 6*n. Let x(j) = g(j) + 6*v(j). Calculate the remainder when x(-1) is divided by y.
1
Suppose 4*w = -a - 1, -3*a + 4*w = 2*w - 25. What is the remainder when 19 is divided by a?
5
Let k(y) be the second derivative of y**5/20 + y**4/6 - y**3/2 - y**2 + y. What is the remainder when k(-2) is divided by 2/(-4) - (-5)/2?
0
Suppose -5*q - 3 = -u - 21, q = -5*u - 12. Let i = q - -2. What is the remainder when -2*(-1)/(-2) - -15 is divided by i?
4
Suppose z = 3*w + 2*w - 10, -2*z = w - 2. What is the remainder when 70 is divided by w/(-8) - (-146)/8?
16
Let o = -4 - -11. What is the remainder when 19 is divided by o?
5
Let v be (-1)/(41/20 - 2). Suppose l - 3*f = f + 20, 0 = 3*l + 3*f. What is the remainder when (-4)/(v/(-11))*-5 is divided by l?
3
Suppose 5*k - 3*p - 35 = 0, 3*k + p - 4 = 3. Calculate the remainder when 9 is divided by k.
1
Suppose 6*w = 5*f + 4*w - 27, 5*w - 5 = -2*f. Suppose 5*o - 30 - f = 0. Calculate the remainder when o is divided by 4.
3
Let a = 2 + 2. Let f(y) = y**2 + 2. What is the remainder when f(-3) is divided by a?
3
Suppose 11*s + 164 = 15*s. What is the remainder when s is divided by 22?
19
Let p = -95 - -141. Suppose q = 5*q - 48. What is the remainder when p is divided by q?
10
Suppose 0 = k + 4*k - 5. Let v(q) = 5*q**2 - q. What is the remainder when 9 is divided by v(k)?
1
Let r = 32 - 19. Let m = r + 2. Suppose -2*y + 4*s = -70, 4*y - 5*s - 181 + 29 = 0. Calculate the remainder when y is divided by m.
13
Let h(v) = -v**2 + 2*v + 4. Let t be h(3). Suppose 0 = -4*n - 12, -z - 2*n - 7 = t. What is the remainder when 0 - ((-25)/1 - z) is divided by 12?
11
Let w(v) = -7*v + 6. What is the remainder when w(-5) is divided by 21?
20
Let g be 0/(2/(-2)) - -3. Suppose 3*c + 2*w - 265 = 0, 230 = g*c - 5*w - 0*w. What is the remainder when c is divided by 22?
19
Let f(n) = 2*n + 1. Let l be f(1). Suppose 2*w = w + l. What is the remainder when 5 is divided by w?
2
Let z = -44 - -16. Let l = 88 + z. Let g = -26 + l. Calculate the remainder when g is divided by 18.
16
Suppose -j - 2*j + 28 = d, -62 = -3*d + 2*j. Suppose -3*u + d + 17 = 0. What is the remainder when 51 is divided by u?
12
Suppose 2*s - 2*i = 44, 8 = -s + 3*i + 20. Calculate the remainder when s is divided by 4/(-18) - (-274)/18.
12
Suppose 0 = 7*k - 8*k + 37. Suppose -w + 6*w - 4*h - 116 = 0, -2*h + 72 = 4*w. Calculate the remainder when k is divided by w.
17
Let d be -2 + 3/(-3) - -8. Let f(w) = 3*w + 6. What is the remainder when f(d) is divided by 8?
5
Let t = -546 + 565. Suppose 4*s = 20, 5*p + 3*s = -s + 75. Calculate the remainder when t is divided by p.
8
Let x = 51 + -22. What is the remainder when 53 is divided by x?
24
Let c = 7 - -14. Calculate the remainder when 62 is divided by c.
20
Suppose 0*o + 75 = 3*o. Calculate the remainder when o is divided by 0 + 0 - -1*13.
12
Let q = -91 + 99. Calculate the remainder when 45 is divided by q.
5
Let h(y) = -y + 31. Let r be h(0). Let b = r + -13. Calculate the remainder when -3 + 0 + 35 + 2 is divided by b.
16
Let n(q) = q**2 - 10*q + 10. Let y be n(9). Calculate the remainder when 26 is divided by ((-2)/2*-7)/y.
5
Let s = 44 - 24. Suppose 6*x - s = 4*x. Calculate the remainder when 29 is divided by x.
9
Let v(g) = g**3 - 2*g**2 - 4*g - 6. Let k be (-2 - 0)/(-1 - 0). Suppose k*s - 7*s = -85. Calculate the remainder when v(5) is divided by s.
15
Suppose 5*a = 3*x + 3*a - 13, 2*x - 3*a - 17 = 0. Let c(d) = d**2 + 8*d - 8. Calculate the remainder when (x - 1) + (4 - -29) is divided by c(-10).
9
What is the remainder when (-1)/9 + (-10592)/(-72) is divided by 25?
22
Let b be ((-68)/12)/(1/6). Let r = 50 + b. Calculate the remainder when 47 is divided by r.
15
Let h(a) = -a**2 - 5*a + 6. Let m be h(-6). Suppose -3*g = -g - 2*z, -4*g + 5*z = m. Suppose g + 10 = 2*y. What is the remainder when 13 is divided by y?
3
Let m = 222 - 98. Suppose -2*i - 3*i + 77 = 4*d, -5*d + 3*i + m = 0. Let c = 1291 - 1247. Calculate the remainder when c is divided by d.
21
Let s = 13 + -9. Let r = 18 + -3. Calculate the remainder when (0 + -29)/((-4)/s) is divided by r.
14
Let h(l) = -l**3 + 5*l**2 + 6*l - 8. Calculate the remainder when 317 is divided by h(4).
29
Let a(b) = b**2 - 3*b + 4. Calculate the remainder when a(10) is divided by 20.
14
Suppose -2*b + 3*b = 4. Suppose 0 = -b*y - 17 + 61. Calculate the remainder when 18 is divided by y.
7
Suppose 0 = -3*w + 118 + 8. Suppose -3*v + 1 + 8 = 0. Suppose 0 = v*q - 33 - 33. Calculate the remainder when w is divided by q.
20
Let f = -7 - -5. Let g(r) = -21*r - 3. Let v(s) = 21*s**3 - s**2 + s - 1. Calculate the remainder when g(f) is divided by v(1).
19
Suppose h = 2*c + 9, -3*c = h - c - 13. Let t = -92 + 95. Calculate the remainder when h is divided by t.
2
Suppose -3*a - 12 - 57 = -u, 0 = 4*u + 3*a - 231. Suppose 2*o + 3*o = u. Suppose -t + 41 = x + x, 2*t - 60 = -3*x. What is the remainder when x is divided by o?
10
Suppose 0 = j - 3*j - 92. Let q be j/(-6) + (-2)/3. Suppose -3*s - 40 = -q*s. What is the remainder when 19 is divided by s?
9
Suppose 30 = -4*p + 10. Calculate the remainder when 43 is divided by (-4)/((-4)/(-3))*p.
13
Suppose -16 - 2 = -m. Calculate the remainder when 88 is divided by m.
16
Suppose -z - 107 = 2*z + 2*c, 4*c + 39 = -z. Let u = -9 - z. What is the remainder when 50 is divided by u?
24
Let r(t) = -t**3 + 26*t**2 + 28*t - 18. Calculate the remainder when 35 is divided by r(27).
8
Let w be (-1)/4 + 69/(-12). Let s be (-5)/((-15)/w) - -5. Calculate the remainder when (92/s)/(8/12) is divided by 12.
10
Let g(s) = 2*s**2 - 10*s + 13. What is the remainder when 80 is divided by g(7)?
39
Suppose 4*n + n - 48 = -3*a, 0 = -2*a + n + 45. Calculate the remainder when a is divided by 12.
9
Let s = 19 + -4. What is the remainder when s is divided by 8?
7
Suppose -2*r = -5*r. Suppose r = -7*w + 5*w + 32. What is the remainder when 245/4 - (-1)/(-4) is divided by w?
13
Suppose -11*j + 8*j + 192 = 0. What is the remainder when j is divided by 17?
13
Suppose -3*c + 163 = 2*t - 0*c, -3 = 3*c. Calculate the remainder when t is divided by 14.
13
Let k(t) = 3*t**2 - 3*t - 5. Let x be 5 + (-1 - -1 - 1). Calculate the remainder when k(x) is divided by 16.
15
Let c be (3/3)/1 + -2. Let k be 12/(-4) - (c - 1). What is the remainder when (k + 2 - -1) + 4 is divided by 4?
2
Let c = -106 + 120. Calculate the remainder when 52 is divided by c.
10
Let n(x) = 2*x**2 + 5*x + 4. Let q(r) = r**2 - 5*r - 2. Let a be q(4). Calculate the remainder when n(a) is divided by 12.
10
Calculate the remainder when (1 + -2)/(2/(-20)) is divided by 4.
2
Let g be 52/14 - (-4)/14. Suppose -g = l - 18. Calculate the remainder when 53 is divided by l.
11
Let t = -97 + 196. Calculate the remainder when t is divided by 25.
24
Let x(y) = -32*y + 1. Let w be x(-1). Suppose 0*o - 3*o + w = 0. What is the remainder when 21 is divided by o?
10
Suppose 0 = -2*v - 2*x + 38, 13 = v - x - 0.